{"id":13,"date":"2009-08-13T11:29:20","date_gmt":"2009-08-13T09:29:20","guid":{"rendered":"http:\/\/eichenhof-nordhorn.de\/?page_id=13"},"modified":"2024-02-19T09:35:16","modified_gmt":"2024-02-19T07:35:16","slug":"hauptseite","status":"publish","type":"page","link":"https:\/\/eichenhof-nordhorn.de\/","title":{"rendered":"Hauptseite"},"content":{"rendered":"<div id=\"content\">\n<h2 style=\"text-align: center;\">Herzlich willkommen auf der Internetpr\u00e4senz der<\/h2>\n<h2 style=\"text-align: center;\">Gesellschaft f\u00fcr Jugendhilfe <strong>\u201cEichenhof\u201d<\/strong> in Nordhorn.<\/h2>\n<p style=\"text-align: center;\">Die Inhalte dieser Webseite sollen Sie \u00fcber unser station\u00e4res Jugendhilfeangebot,<\/p>\n<p style=\"text-align: center;\">das Konzept unserer Arbeit, die Einrichtung\u00a0und \u00fcber unsere ambulanten\u00a0Dienste informieren.<\/p>\n<p style=\"text-align: center;\">Bei Fragen und Anregungen nehmen Sie gerne mit uns \u00fcber die <a href=\"https:\/\/eichenhof-nordhorn.de\/?page_id=18\" target=\"_self\" rel=\"noopener\">Webseite<\/a> oder telefonisch Kontakt auf.<\/p>\n<p style=\"text-align: center;\"><img loading=\"lazy\" decoding=\"async\" class=\"alignnone wp-image-332 size-medium\" style=\"width: 450px; height: 300px;\" title=\"Eichenhof\" src=\"https:\/\/eichenhof-nordhorn.de\/wp-content\/uploads\/2022\/11\/Eichenhof_3642-300x200.jpg\" alt=\"\" width=\"300\" height=\"200\" srcset=\"https:\/\/eichenhof-nordhorn.de\/wp-content\/uploads\/2022\/11\/Eichenhof_3642-300x200.jpg 300w, https:\/\/eichenhof-nordhorn.de\/wp-content\/uploads\/2022\/11\/Eichenhof_3642-1024x683.jpg 1024w, https:\/\/eichenhof-nordhorn.de\/wp-content\/uploads\/2022\/11\/Eichenhof_3642-768x513.jpg 768w, https:\/\/eichenhof-nordhorn.de\/wp-content\/uploads\/2022\/11\/Eichenhof_3642-1536x1025.jpg 1536w, https:\/\/eichenhof-nordhorn.de\/wp-content\/uploads\/2022\/11\/Eichenhof_3642-2048x1367.jpg 2048w\" sizes=\"(max-width: 300px) 100vw, 300px\" \/><\/p>\n<p style=\"text-align: center;\">GFJ Gesellschaft f\u00fcr Jugendhilfe<\/p>\n<p style=\"text-align: center;\">Ingrid G\u00f6ken, Sarah Marks eGbR<\/p>\n<p style=\"text-align: center;\">Hohenk\u00f6rbener Weg 85 48527 Nordhorn<\/p>\n<p style=\"text-align: center;\">Telefon (05921) 8223-0<\/p>\n<p style=\"text-align: center;\">Telefax (05921) 8223-19<\/p>\n<\/div>\n","protected":false},"excerpt":{"rendered":"<p>Herzlich willkommen auf der Internetpr\u00e4senz der Gesellschaft f\u00fcr Jugendhilfe \u201cEichenhof\u201d in Nordhorn. Die Inhalte dieser Webseite sollen Sie \u00fcber unser station\u00e4res Jugendhilfeangebot, das Konzept unserer Arbeit, die Einrichtung\u00a0und \u00fcber unsere ambulanten\u00a0Dienste informieren. Bei Fragen und Anregungen nehmen Sie gerne mit uns \u00fcber die Webseite oder telefonisch Kontakt auf. GFJ Gesellschaft f\u00fcr Jugendhilfe Ingrid G\u00f6ken, Sarah [&hellip;]<\/p>\n","protected":false},"author":1,"featured_media":0,"parent":3,"menu_order":0,"comment_status":"closed","ping_status":"closed","template":"","meta":{"footnotes":""},"_links":{"self":[{"href":"https:\/\/eichenhof-nordhorn.de\/index.php\/wp-json\/wp\/v2\/pages\/13"}],"collection":[{"href":"https:\/\/eichenhof-nordhorn.de\/index.php\/wp-json\/wp\/v2\/pages"}],"about":[{"href":"https:\/\/eichenhof-nordhorn.de\/index.php\/wp-json\/wp\/v2\/types\/page"}],"author":[{"embeddable":true,"href":"https:\/\/eichenhof-nordhorn.de\/index.php\/wp-json\/wp\/v2\/users\/1"}],"replies":[{"embeddable":true,"href":"https:\/\/eichenhof-nordhorn.de\/index.php\/wp-json\/wp\/v2\/comments?post=13"}],"version-history":[{"count":17,"href":"https:\/\/eichenhof-nordhorn.de\/index.php\/wp-json\/wp\/v2\/pages\/13\/revisions"}],"predecessor-version":[{"id":380,"href":"https:\/\/eichenhof-nordhorn.de\/index.php\/wp-json\/wp\/v2\/pages\/13\/revisions\/380"}],"up":[{"embeddable":true,"href":"https:\/\/eichenhof-nordhorn.de\/index.php\/wp-json\/wp\/v2\/pages\/3"}],"wp:attachment":[{"href":"https:\/\/eichenhof-nordhorn.de\/index.php\/wp-json\/wp\/v2\/media?parent=13"}],"curies":[{"name":"wp","href":"https:\/\/api.w.org\/{rel}","templated":true}]}}