{"id":34,"date":"2009-08-13T15:11:00","date_gmt":"2009-08-13T13:11:00","guid":{"rendered":"http:\/\/eichenhof-nordhorn.de\/?page_id=34"},"modified":"2024-02-19T09:28:08","modified_gmt":"2024-02-19T07:28:08","slug":"download","status":"publish","type":"page","link":"https:\/\/eichenhof-nordhorn.de\/index.php\/staju\/konzeption\/download\/","title":{"rendered":"Download"},"content":{"rendered":"\n<h1 class=\"wp-block-heading\">&nbsp;<\/h1>\n\n\n\n<h2 class=\"wp-block-heading\"><a href=\"https:\/\/eichenhof-nordhorn.de\/wp-content\/uploads\/2022\/11\/Eichenhof_Flyer_final1.pdf\"><span style=\"font-size: x-large;\">Die Konzeption f\u00fcr die ambulanten Dienste zum Download<\/span><\/a><\/h2>\n\n\n\n<p>F\u00fcr die korrekte Anzeige der Konzeption ben\u00f6tigen Sie den Adobe Arcobat Reader. Download unter <a href=\"http:\/\/get.adobe.com\/de\/reader\/?promoid=COYSX\">www.adobe.de<\/a><\/p>\n\n\n\n<h1 class=\"wp-block-heading\"><\/h1>\n\n\n\n<p>(klicken f\u00fcr eine vergr\u00f6\u00dferte Ansicht)<\/p>\n\n\n\n<figure class=\"wp-block-gallery has-nested-images columns-default is-cropped wp-block-gallery-1 is-layout-flex wp-block-gallery-is-layout-flex\">\n<figure class=\"wp-block-image size-large is-style-default\"><a href=\"https:\/\/eichenhof-nordhorn.de\/wp-content\/uploads\/2024\/02\/Flyer1.jpg\"><img loading=\"lazy\" decoding=\"async\" width=\"483\" height=\"1024\" data-id=\"374\" src=\"https:\/\/eichenhof-nordhorn.de\/wp-content\/uploads\/2024\/02\/Flyer1-483x1024.jpg\" alt=\"\" class=\"wp-image-374\" srcset=\"https:\/\/eichenhof-nordhorn.de\/wp-content\/uploads\/2024\/02\/Flyer1-483x1024.jpg 483w, https:\/\/eichenhof-nordhorn.de\/wp-content\/uploads\/2024\/02\/Flyer1-141x300.jpg 141w, https:\/\/eichenhof-nordhorn.de\/wp-content\/uploads\/2024\/02\/Flyer1-768x1629.jpg 768w, https:\/\/eichenhof-nordhorn.de\/wp-content\/uploads\/2024\/02\/Flyer1-724x1536.jpg 724w, https:\/\/eichenhof-nordhorn.de\/wp-content\/uploads\/2024\/02\/Flyer1-965x2048.jpg 965w, https:\/\/eichenhof-nordhorn.de\/wp-content\/uploads\/2024\/02\/Flyer1.jpg 1169w\" sizes=\"(max-width: 483px) 100vw, 483px\" \/><\/a><\/figure>\n\n\n\n<figure class=\"wp-block-image size-large\"><a href=\"https:\/\/eichenhof-nordhorn.de\/wp-content\/uploads\/2024\/02\/Flyer2.jpg\"><img loading=\"lazy\" decoding=\"async\" width=\"483\" height=\"1024\" data-id=\"375\" src=\"https:\/\/eichenhof-nordhorn.de\/wp-content\/uploads\/2024\/02\/Flyer2-483x1024.jpg\" alt=\"\" class=\"wp-image-375\" srcset=\"https:\/\/eichenhof-nordhorn.de\/wp-content\/uploads\/2024\/02\/Flyer2-483x1024.jpg 483w, https:\/\/eichenhof-nordhorn.de\/wp-content\/uploads\/2024\/02\/Flyer2-141x300.jpg 141w, https:\/\/eichenhof-nordhorn.de\/wp-content\/uploads\/2024\/02\/Flyer2-768x1629.jpg 768w, https:\/\/eichenhof-nordhorn.de\/wp-content\/uploads\/2024\/02\/Flyer2-724x1536.jpg 724w, https:\/\/eichenhof-nordhorn.de\/wp-content\/uploads\/2024\/02\/Flyer2-965x2048.jpg 965w, https:\/\/eichenhof-nordhorn.de\/wp-content\/uploads\/2024\/02\/Flyer2.jpg 1169w\" sizes=\"(max-width: 483px) 100vw, 483px\" \/><\/a><\/figure>\n<\/figure>\n\n\n\n<div class=\"wp-block-columns is-layout-flex wp-container-core-columns-layout-1 wp-block-columns-is-layout-flex\">\n<div class=\"wp-block-column is-layout-flow wp-block-column-is-layout-flow\" style=\"flex-basis:100%\"><\/div>\n<\/div>\n\n\n\n<figure class=\"wp-block-gallery has-nested-images columns-default is-cropped wp-block-gallery-2 is-layout-flex wp-block-gallery-is-layout-flex\">\n<figure class=\"wp-block-image size-large\"><a href=\"https:\/\/eichenhof-nordhorn.de\/wp-content\/uploads\/2024\/02\/Flyer3-1.jpg\"><img loading=\"lazy\" decoding=\"async\" width=\"483\" height=\"1024\" data-id=\"378\" src=\"https:\/\/eichenhof-nordhorn.de\/wp-content\/uploads\/2024\/02\/Flyer3-1-483x1024.jpg\" alt=\"\" class=\"wp-image-378\" srcset=\"https:\/\/eichenhof-nordhorn.de\/wp-content\/uploads\/2024\/02\/Flyer3-1-483x1024.jpg 483w, https:\/\/eichenhof-nordhorn.de\/wp-content\/uploads\/2024\/02\/Flyer3-1-141x300.jpg 141w, https:\/\/eichenhof-nordhorn.de\/wp-content\/uploads\/2024\/02\/Flyer3-1-768x1629.jpg 768w, https:\/\/eichenhof-nordhorn.de\/wp-content\/uploads\/2024\/02\/Flyer3-1-724x1536.jpg 724w, https:\/\/eichenhof-nordhorn.de\/wp-content\/uploads\/2024\/02\/Flyer3-1-965x2048.jpg 965w, https:\/\/eichenhof-nordhorn.de\/wp-content\/uploads\/2024\/02\/Flyer3-1.jpg 1169w\" sizes=\"(max-width: 483px) 100vw, 483px\" \/><\/a><\/figure>\n\n\n\n<figure class=\"wp-block-image size-large\"><a href=\"https:\/\/eichenhof-nordhorn.de\/wp-content\/uploads\/2024\/02\/Flyer4.jpg\"><img loading=\"lazy\" decoding=\"async\" width=\"483\" height=\"1024\" data-id=\"377\" src=\"https:\/\/eichenhof-nordhorn.de\/wp-content\/uploads\/2024\/02\/Flyer4-483x1024.jpg\" alt=\"\" class=\"wp-image-377\" srcset=\"https:\/\/eichenhof-nordhorn.de\/wp-content\/uploads\/2024\/02\/Flyer4-483x1024.jpg 483w, https:\/\/eichenhof-nordhorn.de\/wp-content\/uploads\/2024\/02\/Flyer4-141x300.jpg 141w, https:\/\/eichenhof-nordhorn.de\/wp-content\/uploads\/2024\/02\/Flyer4-768x1629.jpg 768w, https:\/\/eichenhof-nordhorn.de\/wp-content\/uploads\/2024\/02\/Flyer4-724x1536.jpg 724w, https:\/\/eichenhof-nordhorn.de\/wp-content\/uploads\/2024\/02\/Flyer4-965x2048.jpg 965w, https:\/\/eichenhof-nordhorn.de\/wp-content\/uploads\/2024\/02\/Flyer4.jpg 1169w\" sizes=\"(max-width: 483px) 100vw, 483px\" \/><\/a><\/figure>\n<\/figure>\n","protected":false},"excerpt":{"rendered":"<p>&nbsp; Die Konzeption f\u00fcr die ambulanten Dienste zum Download F\u00fcr die korrekte Anzeige der Konzeption ben\u00f6tigen Sie den Adobe Arcobat Reader. Download unter www.adobe.de (klicken f\u00fcr eine vergr\u00f6\u00dferte Ansicht)<\/p>\n","protected":false},"author":1,"featured_media":0,"parent":27,"menu_order":0,"comment_status":"closed","ping_status":"closed","template":"","meta":{"footnotes":""},"_links":{"self":[{"href":"https:\/\/eichenhof-nordhorn.de\/index.php\/wp-json\/wp\/v2\/pages\/34"}],"collection":[{"href":"https:\/\/eichenhof-nordhorn.de\/index.php\/wp-json\/wp\/v2\/pages"}],"about":[{"href":"https:\/\/eichenhof-nordhorn.de\/index.php\/wp-json\/wp\/v2\/types\/page"}],"author":[{"embeddable":true,"href":"https:\/\/eichenhof-nordhorn.de\/index.php\/wp-json\/wp\/v2\/users\/1"}],"replies":[{"embeddable":true,"href":"https:\/\/eichenhof-nordhorn.de\/index.php\/wp-json\/wp\/v2\/comments?post=34"}],"version-history":[{"count":17,"href":"https:\/\/eichenhof-nordhorn.de\/index.php\/wp-json\/wp\/v2\/pages\/34\/revisions"}],"predecessor-version":[{"id":379,"href":"https:\/\/eichenhof-nordhorn.de\/index.php\/wp-json\/wp\/v2\/pages\/34\/revisions\/379"}],"up":[{"embeddable":true,"href":"https:\/\/eichenhof-nordhorn.de\/index.php\/wp-json\/wp\/v2\/pages\/27"}],"wp:attachment":[{"href":"https:\/\/eichenhof-nordhorn.de\/index.php\/wp-json\/wp\/v2\/media?parent=34"}],"curies":[{"name":"wp","href":"https:\/\/api.w.org\/{rel}","templated":true}]}}